 1314416349?
4
What is the ten millions digit of 10922952?
1
What is the millions digit of 233702026?
3
What is the units digit of 1777219001?
1
What is the hundreds digit of 49855130?
1
What is the units digit of 886177495?
5
What is the ten thousands digit of 554607526?
0
What is the units digit of 1882805284?
4
What is the ten thousands digit of 437729207?
2
What is the millions digit of 27747899?
7
What is the ten millions digit of 278784576?
7
What is the ten thousands digit of 1144772737?
7
What is the ten millions digit of 44838909?
4
What is the hundred millions digit of 223197101?
2
What is the hundred millions digit of 844893750?
8
What is the hundreds digit of 146759378?
3
What is the ten millions digit of 351327185?
5
What is the thousands digit of 131089410?
9
What is the hundred thousands digit of 381061969?
0
What is the hundred millions digit of 7262336426?
2
What is the hundred millions digit of 161789358?
1
What is the millions digit of 14504135?
4
What is the millions digit of 65318762?
5
What is the units digit of 74846796?
6
What is the ten thousands digit of 241109340?
0
What is the millions digit of 258705465?
8
What is the tens digit of 539307750?
5
What is the tens digit of 40625437?
3
What is the hundred millions digit of 100859924?
1
What is the units digit of 96401361?
1
What is the millions digit of 515046991?
5
What is the units digit of 4287210?
0
What is the ten millions digit of 43770876?
4
What is the hundred thousands digit of 126114317?
1
What is the ten millions digit of 4035303795?
3
What is the tens digit of 2669545652?
5
What is the hundred millions digit of 289739594?
2
What is the units digit of 109342257?
7
What is the billions digit of 1594740079?
1
What is the billions digit of 7031622239?
7
What is the millions digit of 44642577?
4
What is the tens digit of 1881550891?
9
What is the tens digit of 116838868?
6
What is the hundred thousands digit of 109634861?
6
What is the tens digit of 66968177?
7
What is the hundred thousands digit of 1291261882?
2
What is the tens digit of 455484835?
3
What is the hundreds digit of 1533229551?
5
What is the hundred thousands digit of 9107036?
1
What is the hundreds digit of 23894649?
6
What is the hundreds digit of 6538554?
5
What is the hundred thousands digit of 852528939?
5
What is the units digit of 31724395?
5
What is the hundred millions digit of 2703850872?
7
What is the hundreds digit of 253273394?
3
What is the hundred thousands digit of 6648070245?
0
What is the thousands digit of 146307376?
7
What is the ten millions digit of 275146042?
7
What is the ten thousands digit of 2345738512?
3
What is the tens digit of 61601317?
1
What is the millions digit of 4028413012?
8
What is the thousands digit of 71379752?
9
What is the hundred thousands digit of 8763122?
7
What is the hundred millions digit of 142612121?
1
What is the hundred thousands digit of 33842120?
8
What is the thousands digit of 35901765?
1
What is the hundred thousands digit of 159440234?
4
What is the tens digit of 1458361048?
4
What is the billions digit of 1446767015?
1
What is the thousands digit of 74081202?
1
What is the ten thousands digit of 40501353?
0
What is the hundred millions digit of 373888881?
3
What is the ten thousands digit of 2735644683?
4
What is the ten millions digit of 45874612?
4
What is the millions digit of 2404325217?
4
What is the ten thousands digit of 30653795?
5
What is the hundred millions digit of 512403121?
5
What is the thousands digit of 227600441?
0
What is the thousands digit of 452104157?
4
What is the ten thousands digit of 1340766608?
6
What is the ten thousands digit of 1342465966?
6
What is the tens digit of 1282216?
1
What is the hundred thousands digit of 237131097?
1
What is the millions digit of 129743551?
9
What is the hundreds digit of 38155237?
2
What is the tens digit of 346664965?
6
What is the ten thousands digit of 861466449?
6
What is the thousands digit of 5124247374?
7
What is the ten millions digit of 81514994?
8
What is the thousands digit of 663654478?
4
What is the hundreds digit of 581472473?
4
What is the thousands digit of 487461234?
1
What is the ten thousands digit of 607878743?
7
What is the units digit of 6145421?
1
What is the thousands digit of 10410929?
0
What is the millions digit of 634022469?
4
What is the hundred thousands digit of 163387615?
3
What is the hundred thousands digit of 44238470?
2
What is the ten thousands digit of 3326022166?
2
What is the units digit of 462382807?
7
What is the thousands digit of 1417437053?
7
What is the millions digit of 332159744?
2
What is the millions digit of 65077855?
5
What is the millions digit of 223598975?
3
What is the units digit of 2567425911?
1
What is the hundred millions digit of 875064920?
8
What is the hundreds digit of 721167784?
7
What is the ten millions digit of 80412784?
8
What is the ten millions digit of 304736243?
0
What is the millions digit of 7522802?
7
What is the units digit of 71195740?
0
What is the thousands digit of 2474486613?
6
What is the tens digit of 313485669?
6
What is the tens digit of 930880584?
8
What is the millions digit of 3542110087?
2
What is the hundred millions digit of 318725141?
3
What is the ten thousands digit of 10125211?
2
What is the hundreds digit of 4052889777?
7
What is the ten thousands digit of 675209090?
0
What is the units digit of 31101881?
1
What is the units digit of 5904061642?
2
What is the hundred millions digit of 1024163787?
0
What is the units digit of 1323166076?
6
What is the hundreds digit of 48201165?
1
What is the millions digit of 68791452?
8
What is the ten thousands digit of 52757330?
5
What is the hundreds digit of 4673247?
2
What is the units digit of 2792549?
9
What is the tens digit of 344594418?
1
What is the thousands digit of 20505390?
5
What is the hundred millions digit of 721212043?
7
What is the ten thousands digit of 492278871?
7
What is the ten thousands digit of 9995399?
9
What is the millions digit of 4562165811?
2
What is the hundred millions digit of 519016144?
5
What is the units digit of 18654625?
5
What is the ten millions digit of 248104833?
4
What is the hundreds digit of 83376032?
0
What is the ten millions digit of 3772447254?
7
What is the units digit of 280127406?
6
What is the hundreds digit of 40420195?
1
What is the thousands digit of 859502512?
2
What is the billions digit of 4265918015?
4
What is the units digit of 107347806?
6
What is the hundreds digit of 2154958761?
7
What is the hundred thousands digit of 1381998160?
9
What is the ten millions digit of 209201788?
0
What is the hundreds digit of 2969481998?
9
What is the thousands digit of 75772876?
2
What is the hundreds digit of 2389896552?
5
What is the tens digit of 48247280?
8
What is the billions digit of 1292855640?
1
What is the hundreds digit of 123053375?
3
What is the units digit of 8540502?
2
What is the ten thousands digit of 73573249?
7
What is the thousands digit of 67468822?
8
What is the millions digit of 2564523888?
4
What is the tens digit of 302780233?
3
What is the hundred thousands digit of 114210909?
2
What is the hundreds digit of 73084027?
0
What is the ten millions digit of 81891837?
8
What is the hundreds digit of 108144106?
1
What is the units digit of 2252568674?
4
What is the units digit of 388439666?
6
What is the ten millions digit of 2548900934?
4
What is the ten thousands digit of 174973140?
7
What is the ten millions digit of 53426964?
5
What is the hundred thousands digit of 557612256?
6
What is the tens digit of 380255120?
2
What is the tens digit of 141162527?
2
What is the tens digit of 688326721?
2
What is the thousands digit of 56150991?
0
What is the ten thousands digit of 145712624?
1
What is the tens digit of 37921649?
4
What is the ten millions digit of 266258279?
6
What is the hundred millions digit of 589231891?
5
What is the hundred millions digit of 3147367511?
1
What is the hundred thousands digit of 17276166?
2
What is the millions digit of 3715012250?
5
What is the tens digit of 79645980?
8
What is the hundreds digit of 610011094?
0
What is the millions digit of 3412594?
3
What is the tens digit of 84111086?
8
What is the thousands digit of 4616133595?
3
What is 